{"id":168,"date":"2022-01-29T19:36:49","date_gmt":"2022-01-29T17:36:49","guid":{"rendered":"https:\/\/korpiselka.fi\/?page_id=168"},"modified":"2022-06-08T11:45:27","modified_gmt":"2022-06-08T09:45:27","slug":"pitajaseura","status":"publish","type":"page","link":"https:\/\/korpiselka.fi\/?page_id=168","title":{"rendered":"PIT\u00c4J\u00c4SEURA"},"content":{"rendered":"\n<div class=\"wp-block-image\"><figure class=\"aligncenter size-full\"><a href=\"https:\/\/korpiselka.fi\/wp-content\/uploads\/2022\/01\/Vaakuna.jpg\"><img loading=\"lazy\" decoding=\"async\" width=\"185\" height=\"208\" src=\"https:\/\/korpiselka.fi\/wp-content\/uploads\/2022\/01\/Vaakuna.jpg\" alt=\"\" class=\"wp-image-14\"\/><\/a><\/figure><\/div>\n\n\n\n<p>Korpiselk\u00e4l\u00e4isten seura perustettiin v. 1948 Vierem\u00e4ll\u00e4.&nbsp; Seuralle perustettiin Tynk\u00e4-Korpisel\u00e4n kylien asukkaiden toivomuksesta Hoilolan alaosasto v.1950. Ala-osasto otti v. 1980 ajaakseen&nbsp; Korpiselk\u00e4talon rakentamishankkeen, jonka vuoksi&nbsp; pidettiin tarkoituksenmukaisena muuttaa alaosasto itsen\u00e4iseksi&nbsp; yhdistykseksi. Niin perustettiin v. 1981 Entisten Korpiselk\u00e4l\u00e4isten Pit\u00e4j\u00e4seura r.y.&nbsp; Seuran s\u00e4\u00e4nn\u00f6t uudistettiin v.2005 ja samalla muutettiin seuran nimi Korpisel\u00e4n Pit\u00e4j\u00e4seura ry.:ksi.<\/p>\n\n\n\n<p>Seurassa on nykyisin 120 j\u00e4sent\u00e4.<\/p>\n\n\n\n<p>Seuran j\u00e4rjest\u00e4mi\u00e4 tapahtumia ovat mm. kes\u00e4tapahtuma erilaisten kilpailujen, yhteislaulujen ja jopa karaoken merkeiss\u00e4, elokuussa on j\u00e4rjestetty yhteislaulutilaisuus ja puurojuhla marraskuussa.<\/p>\n\n\n\n<p>Kes\u00e4matka on useimmiten suuntautunut rajan taakse luovutetulle alueelle. Matkoja on tehty&nbsp; my\u00f6s Baltian maihin, Muurmanskiin ja kotimaassa tehtiin matka reitti\u00e4 Porkkala-Hanko-Ahvenanmaa.&nbsp;&nbsp;<\/p>\n\n\n\n<p>Vuosittain elokuun 7. p\u00e4iv\u00e4 on j\u00e4rjestetty laajan suosion saavuttanut ristisaatto rajan taakse Korpiselk\u00e4\u00e4n.&nbsp; Rajan ylitys tapahtuu Ruhovaarasta erikoisluvalla. K\u00e4vellen menn\u00e4\u00e4n ristisaatossa Korpisel\u00e4n ortodoksiselle ja luterilaiselle kalmistoille, joissa toimitetaan muistopalvelus. Samoin toimitetaan muistopalvelus ort. kirkon pihalla sijaitsevalla sankarihautausmaalla. Kirkon pihalla my\u00f6s ruokaillaan.<\/p>\n\n\n\n<figure class=\"wp-block-gallery has-nested-images columns-default is-cropped wp-block-gallery-1 is-layout-flex wp-block-gallery-is-layout-flex\">\n<figure class=\"wp-block-image size-large\"><a href=\"https:\/\/korpiselka.fi\/wp-content\/uploads\/2022\/01\/Ristisaatto-1.jpg\"><img loading=\"lazy\" decoding=\"async\" width=\"590\" height=\"398\" data-id=\"175\" src=\"https:\/\/korpiselka.fi\/wp-content\/uploads\/2022\/01\/Ristisaatto-1.jpg\" alt=\"\" class=\"wp-image-175\" srcset=\"https:\/\/korpiselka.fi\/wp-content\/uploads\/2022\/01\/Ristisaatto-1.jpg 590w, https:\/\/korpiselka.fi\/wp-content\/uploads\/2022\/01\/Ristisaatto-1-300x202.jpg 300w\" sizes=\"auto, (max-width: 590px) 100vw, 590px\" \/><\/a><\/figure>\n\n\n\n<figure class=\"wp-block-image size-large\"><a href=\"https:\/\/korpiselka.fi\/wp-content\/uploads\/2022\/01\/Siunaushetki.jpg\"><img loading=\"lazy\" decoding=\"async\" width=\"710\" height=\"399\" data-id=\"176\" src=\"https:\/\/korpiselka.fi\/wp-content\/uploads\/2022\/01\/Siunaushetki.jpg\" alt=\"\" class=\"wp-image-176\" srcset=\"https:\/\/korpiselka.fi\/wp-content\/uploads\/2022\/01\/Siunaushetki.jpg 710w, https:\/\/korpiselka.fi\/wp-content\/uploads\/2022\/01\/Siunaushetki-300x169.jpg 300w\" sizes=\"auto, (max-width: 710px) 100vw, 710px\" \/><\/a><\/figure>\n<\/figure>\n\n\n\n<p>Vuosittain ennen ristisaattoa on k\u00e4yty pienell\u00e4 porukalla rajan takaisilla hautausmailla raivaustalkoissa sek\u00e4 siistim\u00e4ss\u00e4 kirkon ymp\u00e4rist\u00f6. N\u00e4m\u00e4 extream-talkoomatkat teltassa y\u00f6pymisineen ovat kest\u00e4neet yleens\u00e4 kolme p\u00e4iv\u00e4\u00e4. Rajavy\u00f6hykeluvan lis\u00e4ksi, teltassa y\u00f6pymiseen \u00a0tarvitaan Ven\u00e4j\u00e4 rajavartioston my\u00f6nt\u00e4m\u00e4 lupa. <\/p>\n\n\n\n<p>Seura j\u00e4rjest\u00e4\u00e4 n. nelj\u00e4n vuoden v\u00e4lein yhdess\u00e4 Tolvaj\u00e4rven taistelujen perinnetoimikunnan kanssa maanpuolustusjuhlan. Juhlan teemana ovat olleet Korpisel\u00e4ss\u00e4 k\u00e4ydyt talvi- ja jatkosodan taistelut.&nbsp; Joensuun kaupunki on tukenut merkitt\u00e4v\u00e4ll\u00e4 panoksella maanpuolustusjuhlaa. Korpiselk\u00e4talon siirrytty\u00e4 yksityisomistukseen, joutui seura siirt\u00e4m\u00e4\u00e4n runonlaulajapatsaan piha-alueelta uuteen paikkaan.&nbsp; Patsas siirrettiin v. 2013 Onnenvirran rannalle, vanhan V\u00e4rtsil\u00e4st\u00e4 Korpiselk\u00e4\u00e4n johtavan tien varteen.&nbsp; Patsaan l\u00e4heisyyteen hankittiin hirsikatos. Toiminnallisuuden takia rakennettiin n. 30 metri\u00e4 pitk\u00e4t portaat tielt\u00e4 alas patsaalle.<\/p>\n\n\n\n<figure class=\"wp-block-gallery has-nested-images columns-default is-cropped wp-block-gallery-2 is-layout-flex wp-block-gallery-is-layout-flex\">\n<figure class=\"wp-block-image size-large\"><a href=\"https:\/\/korpiselka.fi\/wp-content\/uploads\/2022\/01\/Muistomerkki-2.jpg\"><img loading=\"lazy\" decoding=\"async\" width=\"634\" height=\"357\" data-id=\"177\" src=\"https:\/\/korpiselka.fi\/wp-content\/uploads\/2022\/01\/Muistomerkki-2.jpg\" alt=\"\" class=\"wp-image-177\" srcset=\"https:\/\/korpiselka.fi\/wp-content\/uploads\/2022\/01\/Muistomerkki-2.jpg 634w, https:\/\/korpiselka.fi\/wp-content\/uploads\/2022\/01\/Muistomerkki-2-300x169.jpg 300w\" sizes=\"auto, (max-width: 634px) 100vw, 634px\" \/><\/a><\/figure>\n\n\n\n<figure class=\"wp-block-image size-large\"><a href=\"https:\/\/korpiselka.fi\/wp-content\/uploads\/2022\/01\/Portaat.jpg\"><img loading=\"lazy\" decoding=\"async\" width=\"641\" height=\"361\" data-id=\"178\" src=\"https:\/\/korpiselka.fi\/wp-content\/uploads\/2022\/01\/Portaat.jpg\" alt=\"\" class=\"wp-image-178\" srcset=\"https:\/\/korpiselka.fi\/wp-content\/uploads\/2022\/01\/Portaat.jpg 641w, https:\/\/korpiselka.fi\/wp-content\/uploads\/2022\/01\/Portaat-300x169.jpg 300w\" sizes=\"auto, (max-width: 641px) 100vw, 641px\" \/><\/a><\/figure>\n<\/figure>\n\n\n\n<p>Tien vastakkaiselle puolelle tehtiin parkkialue n. kymmenelle autolle.&nbsp; Matkailijoiden tarpeita ajatellen rakennettiin Korpisel\u00e4n historiasta ja l\u00e4hialueista kertova infotaulu.<\/p>\n\n\n\n<figure class=\"wp-block-image size-large\"><a href=\"https:\/\/korpiselka.fi\/wp-content\/uploads\/2022\/01\/Opastaulun-vihkiaiset.jpg\"><img loading=\"lazy\" decoding=\"async\" width=\"1024\" height=\"638\" src=\"https:\/\/korpiselka.fi\/wp-content\/uploads\/2022\/01\/Opastaulun-vihkiaiset-1024x638.jpg\" alt=\"\" class=\"wp-image-179\" srcset=\"https:\/\/korpiselka.fi\/wp-content\/uploads\/2022\/01\/Opastaulun-vihkiaiset-1024x638.jpg 1024w, https:\/\/korpiselka.fi\/wp-content\/uploads\/2022\/01\/Opastaulun-vihkiaiset-300x187.jpg 300w, https:\/\/korpiselka.fi\/wp-content\/uploads\/2022\/01\/Opastaulun-vihkiaiset-768x478.jpg 768w, https:\/\/korpiselka.fi\/wp-content\/uploads\/2022\/01\/Opastaulun-vihkiaiset.jpg 1280w\" sizes=\"auto, (max-width: 1024px) 100vw, 1024px\" \/><\/a><\/figure>\n\n\n\n<p>Infotaulun paljastustilaisuus 4.9.2018. Rovasti Vesa Takala toimittamassa muistopalvelusta Korpiselk\u00e4\u00e4n haudattujen muistolle.<\/p>\n\n\n\n<p>Seura on hankkinut yleis\u00f6tilaisuuksia varten kaksi pop-up telttaa, joita voi my\u00f6s ulkopuoliset vuokrata. &nbsp;&nbsp;&nbsp;&nbsp;&nbsp;&nbsp;&nbsp;&nbsp;&nbsp;&nbsp;&nbsp;&nbsp;&nbsp;&nbsp;&nbsp;&nbsp;&nbsp;&nbsp;&nbsp;&nbsp;&nbsp;&nbsp;&nbsp;&nbsp;<\/p>\n\n\n\n<p>Ilman seuran saamaa ulkopuolista taloudellista tukea ja ahkeraa talkooporukkaa, pieni seuramme ei olisi pystynyt toteuttamaan em. hankkeita.<\/p>\n\n\n\n<p>Seura on viime vuosina viritellyt yhteisty\u00f6t\u00e4 Saarivaarassa toimivan Nuorisoseura Sarastuksen kanssa hyvin tuloksin.<\/p>\n","protected":false},"excerpt":{"rendered":"<p>Korpiselk\u00e4l\u00e4isten seura perustettiin v. 1948 Vierem\u00e4ll\u00e4.&nbsp; Seuralle perustettiin Tynk\u00e4-Korpisel\u00e4n kylien asukkaiden toivomuksesta Hoilolan alaosasto v.1950. Ala-osasto otti v. 1980 ajaakseen&nbsp; Korpiselk\u00e4talon rakentamishankkeen, jonka vuoksi&nbsp; pidettiin tarkoituksenmukaisena muuttaa alaosasto itsen\u00e4iseksi&nbsp; yhdistykseksi. Niin perustettiin v. 1981 Entisten Korpiselk\u00e4l\u00e4isten Pit\u00e4j\u00e4seura r.y.&nbsp; Seuran s\u00e4\u00e4nn\u00f6t uudistettiin v.2005 ja samalla muutettiin seuran nimi Korpisel\u00e4n Pit\u00e4j\u00e4seura ry.:ksi. Seurassa on nykyisin 120 j\u00e4sent\u00e4. [&hellip;]<\/p>\n","protected":false},"author":7,"featured_media":0,"parent":0,"menu_order":0,"comment_status":"closed","ping_status":"closed","template":"","meta":{"footnotes":""},"class_list":["post-168","page","type-page","status-publish","hentry"],"_links":{"self":[{"href":"https:\/\/korpiselka.fi\/index.php?rest_route=\/wp\/v2\/pages\/168","targetHints":{"allow":["GET"]}}],"collection":[{"href":"https:\/\/korpiselka.fi\/index.php?rest_route=\/wp\/v2\/pages"}],"about":[{"href":"https:\/\/korpiselka.fi\/index.php?rest_route=\/wp\/v2\/types\/page"}],"author":[{"embeddable":true,"href":"https:\/\/korpiselka.fi\/index.php?rest_route=\/wp\/v2\/users\/7"}],"replies":[{"embeddable":true,"href":"https:\/\/korpiselka.fi\/index.php?rest_route=%2Fwp%2Fv2%2Fcomments&post=168"}],"version-history":[{"count":7,"href":"https:\/\/korpiselka.fi\/index.php?rest_route=\/wp\/v2\/pages\/168\/revisions"}],"predecessor-version":[{"id":576,"href":"https:\/\/korpiselka.fi\/index.php?rest_route=\/wp\/v2\/pages\/168\/revisions\/576"}],"wp:attachment":[{"href":"https:\/\/korpiselka.fi\/index.php?rest_route=%2Fwp%2Fv2%2Fmedia&parent=168"}],"curies":[{"name":"wp","href":"https:\/\/api.w.org\/{rel}","templated":true}]}}

PITÄJÄSEURA

<div class="wp-block-image"><figure class="aligncenter size-full"><a href="https://korpiselka.fi/wp-content/uploads/2022/01/Vaakuna.jpg"><img loading="lazy" decoding="async" width="185" height="208" src="https://korpiselka.fi/wp-content/uploads/2022/01/Vaakuna.jpg" alt="" class="wp-image-14"/></a></figure></div>



<p>Korpiselkäläisten seura perustettiin v. 1948 Vieremällä.&nbsp; Seuralle perustettiin Tynkä-Korpiselän kylien asukkaiden toivomuksesta Hoilolan alaosasto v.1950. Ala-osasto otti v. 1980 ajaakseen&nbsp; Korpiselkätalon rakentamishankkeen, jonka vuoksi&nbsp; pidettiin tarkoituksenmukaisena muuttaa alaosasto itsenäiseksi&nbsp; yhdistykseksi. Niin perustettiin v. 1981 Entisten Korpiselkäläisten Pitäjäseura r.y.&nbsp; Seuran säännöt uudistettiin v.2005 ja samalla muutettiin seuran nimi Korpiselän Pitäjäseura ry.:ksi.</p>



<p>Seurassa on nykyisin 120 jäsentä.</p>



<p>Seuran järjestämiä tapahtumia ovat mm. kesätapahtuma erilaisten kilpailujen, yhteislaulujen ja jopa karaoken merkeissä, elokuussa on järjestetty yhteislaulutilaisuus ja puurojuhla marraskuussa.</p>



<p>Kesämatka on useimmiten suuntautunut rajan taakse luovutetulle alueelle. Matkoja on tehty&nbsp; myös Baltian maihin, Muurmanskiin ja kotimaassa tehtiin matka reittiä Porkkala-Hanko-Ahvenanmaa.&nbsp;&nbsp;</p>



<p>Vuosittain elokuun 7. päivä on järjestetty laajan suosion saavuttanut ristisaatto rajan taakse Korpiselkään.&nbsp; Rajan ylitys tapahtuu Ruhovaarasta erikoisluvalla. Kävellen mennään ristisaatossa Korpiselän ortodoksiselle ja luterilaiselle kalmistoille, joissa toimitetaan muistopalvelus. Samoin toimitetaan muistopalvelus ort. kirkon pihalla sijaitsevalla sankarihautausmaalla. Kirkon pihalla myös ruokaillaan.</p>



<figure class="wp-block-gallery has-nested-images columns-default is-cropped wp-block-gallery-1 is-layout-flex wp-block-gallery-is-layout-flex">
<figure class="wp-block-image size-large"><a href="https://korpiselka.fi/wp-content/uploads/2022/01/Ristisaatto-1.jpg"><img loading="lazy" decoding="async" width="590" height="398" data-id="175" src="https://korpiselka.fi/wp-content/uploads/2022/01/Ristisaatto-1.jpg" alt="" class="wp-image-175" srcset="https://korpiselka.fi/wp-content/uploads/2022/01/Ristisaatto-1.jpg 590w, https://korpiselka.fi/wp-content/uploads/2022/01/Ristisaatto-1-300x202.jpg 300w" sizes="auto, (max-width: 590px) 100vw, 590px" /></a></figure>



<figure class="wp-block-image size-large"><a href="https://korpiselka.fi/wp-content/uploads/2022/01/Siunaushetki.jpg"><img loading="lazy" decoding="async" width="710" height="399" data-id="176" src="https://korpiselka.fi/wp-content/uploads/2022/01/Siunaushetki.jpg" alt="" class="wp-image-176" srcset="https://korpiselka.fi/wp-content/uploads/2022/01/Siunaushetki.jpg 710w, https://korpiselka.fi/wp-content/uploads/2022/01/Siunaushetki-300x169.jpg 300w" sizes="auto, (max-width: 710px) 100vw, 710px" /></a></figure>
</figure>



<p>Vuosittain ennen ristisaattoa on käyty pienellä porukalla rajan takaisilla hautausmailla raivaustalkoissa sekä siistimässä kirkon ympäristö. Nämä extream-talkoomatkat teltassa yöpymisineen ovat kestäneet yleensä kolme päivää. Rajavyöhykeluvan lisäksi, teltassa yöpymiseen  tarvitaan Venäjä rajavartioston myöntämä lupa. </p>



<p>Seura järjestää n. neljän vuoden välein yhdessä Tolvajärven taistelujen perinnetoimikunnan kanssa maanpuolustusjuhlan. Juhlan teemana ovat olleet Korpiselässä käydyt talvi- ja jatkosodan taistelut.&nbsp; Joensuun kaupunki on tukenut merkittävällä panoksella maanpuolustusjuhlaa. Korpiselkätalon siirryttyä yksityisomistukseen, joutui seura siirtämään runonlaulajapatsaan piha-alueelta uuteen paikkaan.&nbsp; Patsas siirrettiin v. 2013 Onnenvirran rannalle, vanhan Värtsilästä Korpiselkään johtavan tien varteen.&nbsp; Patsaan läheisyyteen hankittiin hirsikatos. Toiminnallisuuden takia rakennettiin n. 30 metriä pitkät portaat tieltä alas patsaalle.</p>



<figure class="wp-block-gallery has-nested-images columns-default is-cropped wp-block-gallery-2 is-layout-flex wp-block-gallery-is-layout-flex">
<figure class="wp-block-image size-large"><a href="https://korpiselka.fi/wp-content/uploads/2022/01/Muistomerkki-2.jpg"><img loading="lazy" decoding="async" width="634" height="357" data-id="177" src="https://korpiselka.fi/wp-content/uploads/2022/01/Muistomerkki-2.jpg" alt="" class="wp-image-177" srcset="https://korpiselka.fi/wp-content/uploads/2022/01/Muistomerkki-2.jpg 634w, https://korpiselka.fi/wp-content/uploads/2022/01/Muistomerkki-2-300x169.jpg 300w" sizes="auto, (max-width: 634px) 100vw, 634px" /></a></figure>



<figure class="wp-block-image size-large"><a href="https://korpiselka.fi/wp-content/uploads/2022/01/Portaat.jpg"><img loading="lazy" decoding="async" width="641" height="361" data-id="178" src="https://korpiselka.fi/wp-content/uploads/2022/01/Portaat.jpg" alt="" class="wp-image-178" srcset="https://korpiselka.fi/wp-content/uploads/2022/01/Portaat.jpg 641w, https://korpiselka.fi/wp-content/uploads/2022/01/Portaat-300x169.jpg 300w" sizes="auto, (max-width: 641px) 100vw, 641px" /></a></figure>
</figure>



<p>Tien vastakkaiselle puolelle tehtiin parkkialue n. kymmenelle autolle.&nbsp; Matkailijoiden tarpeita ajatellen rakennettiin Korpiselän historiasta ja lähialueista kertova infotaulu.</p>



<figure class="wp-block-image size-large"><a href="https://korpiselka.fi/wp-content/uploads/2022/01/Opastaulun-vihkiaiset.jpg"><img loading="lazy" decoding="async" width="1024" height="638" src="https://korpiselka.fi/wp-content/uploads/2022/01/Opastaulun-vihkiaiset-1024x638.jpg" alt="" class="wp-image-179" srcset="https://korpiselka.fi/wp-content/uploads/2022/01/Opastaulun-vihkiaiset-1024x638.jpg 1024w, https://korpiselka.fi/wp-content/uploads/2022/01/Opastaulun-vihkiaiset-300x187.jpg 300w, https://korpiselka.fi/wp-content/uploads/2022/01/Opastaulun-vihkiaiset-768x478.jpg 768w, https://korpiselka.fi/wp-content/uploads/2022/01/Opastaulun-vihkiaiset.jpg 1280w" sizes="auto, (max-width: 1024px) 100vw, 1024px" /></a></figure>



<p>Infotaulun paljastustilaisuus 4.9.2018. Rovasti Vesa Takala toimittamassa muistopalvelusta Korpiselkään haudattujen muistolle.</p>



<p>Seura on hankkinut yleisötilaisuuksia varten kaksi pop-up telttaa, joita voi myös ulkopuoliset vuokrata. &nbsp;&nbsp;&nbsp;&nbsp;&nbsp;&nbsp;&nbsp;&nbsp;&nbsp;&nbsp;&nbsp;&nbsp;&nbsp;&nbsp;&nbsp;&nbsp;&nbsp;&nbsp;&nbsp;&nbsp;&nbsp;&nbsp;&nbsp;&nbsp;</p>



<p>Ilman seuran saamaa ulkopuolista taloudellista tukea ja ahkeraa talkooporukkaa, pieni seuramme ei olisi pystynyt toteuttamaan em. hankkeita.</p>



<p>Seura on viime vuosina viritellyt yhteistyötä Saarivaarassa toimivan Nuorisoseura Sarastuksen kanssa hyvin tuloksin.</p>

<p>Korpiselkäläisten seura perustettiin v. 1948 Vieremällä.&nbsp; Seuralle perustettiin Tynkä-Korpiselän kylien asukkaiden toivomuksesta Hoilolan alaosasto v.1950. Ala-osasto otti v. 1980 ajaakseen&nbsp; Korpiselkätalon rakentamishankkeen, jonka vuoksi&nbsp; pidettiin tarkoituksenmukaisena muuttaa alaosasto itsenäiseksi&nbsp; yhdistykseksi. Niin perustettiin v. 1981 Entisten Korpiselkäläisten Pitäjäseura r.y.&nbsp; Seuran säännöt uudistettiin v.2005 ja samalla muutettiin seuran nimi Korpiselän Pitäjäseura ry.:ksi. Seurassa on nykyisin 120 jäsentä. [&hellip;]</p>
